- (-27)/18. Let g(d) = -6*d - 5. Let m(b) = b + 1. Let x(k) = -g(k) - 4*m(k). Calculate x(q).
5
Let w(z) = 6*z + 1. Let u(l) = -11*l - 1. Let j(t) = 4*u(t) + 7*w(t). Let q be 58/(-10) + 4/(-20). Calculate j(q).
15
Let m = 76 + -65. Let w(u) = 5*u + m - 9 - 6. What is w(3)?
11
Let a(v) be the second derivative of v**4/12 + 2*v**3 + 9*v**2/2 - 202*v. Calculate a(-10).
-11
Let k(n) = 8*n - 9. Let r be (99/18 + -23)*2/(-7). Give k(r).
31
Let q be 8/(-7) - 42/49. Let x(m) = m**3 + 2*m**2 + 2. Determine x(q).
2
Let c(i) = -4 + 5*i**2 - 2*i + 4*i + i**3 + 2*i. Let v = -3610 + 3606. Calculate c(v).
-4
Let y(l) = -5*l**3 - 4*l**2 - 4*l - 3. Let x(a) = -6*a**3 - 5*a**2 - 5*a - 4. Let w(r) = 4*x(r) - 5*y(r). What is w(2)?
7
Let p(d) = d**2 - 8*d + 9. Suppose 1994*l = 2018*l - 144. Determine p(l).
-3
Suppose 0 = 5*u - 2*o - 26, u + 3*o = 2*u. Let f(l) = -l. Calculate f(u).
-6
Let n(f) = f**3 + 6*f**2 + f - 2. Let i(w) = -w. Let x(k) = -i(k) - n(k). What is x(-6)?
2
Let z(o) = -2*o**3 - 1 + 24*o + 11*o**2 + o**3 - 23*o + 2. Determine z(11).
12
Let u(z) be the third derivative of -z**5/60 - z**4/24 + 2*z**3/3 - z**2. Suppose v + 3 = -3*a + 4, 0 = 2*v - 4*a - 12. Determine u(v).
-16
Let h(o) = o**2 + 10*o + 13. Let t = -72 + 74. Suppose 7 = -s - t. What is h(s)?
4
Suppose 4*a + 16 = 2*t - 8, 0 = 5*t - 3*a - 53. Let j be (-1 + t/6)/((-16)/216). Let f(w) = w**2 + 9*w + 2. Determine f(j).
2
Suppose -15*d - 2 = -13*d. Let q(t) be the second derivative of -5*t**3/6 + 3*t. Give q(d).
5
Let a(r) be the third derivative of r**4/3 - r**3/2 - 2*r**2 - 76. Calculate a(1).
5
Let f(v) = v - 16. Let b(r) = -r + 15. Let d(q) = -5*b(q) - 4*f(q). Give d(11).
0
Let k(w) = -w + 3. Let c = 38 + -27. Let f = 7 - -3. Suppose -9*b + f = -c*b. Determine k(b).
8
Let p(o) be the third derivative of o**9/60480 - o**8/3360 - o**7/2520 + o**6/180 + o**5/60 - 17*o**2. Let h(z) be the third derivative of p(z). Calculate h(6).
-8
Let f(k) = 13*k + 9. Let u(h) = 15*h + 11. Let c(a) = 7*f(a) - 6*u(a). Suppose 5 = -2*s - 5. Calculate c(s).
-8
Let w = -61 + 130. Let i(p) = -5*p**2 + p**3 + w - 4*p - 67 - 2*p**3. Determine i(-5).
22
Suppose -5*z = 5*z + 130. Let d(m) be the second derivative of m**5/20 + 13*m**4/12 - m**3/6 - 6*m**2 + 21*m. Calculate d(z).
1
Let a(c) = 3*c + 3. Let r be (-7 - -6)/((-2)/4). Let n be r/(-2*(-2)/(-6)). Calculate a(n).
-6
Let j(t) = 4*t + 4. Let q = 233 - 237. Give j(q).
-12
Suppose 9*w + 8 = 11*w - f, -16 = -4*f. Let s be 2*-2*(1 + -2). Let c(k) = 3*k**3 - 8*k + s + k**3 - 5*k**2 - 3*k**3. Give c(w).
-8
Let h(k) be the third derivative of k**6/60 - k**5/12 + k**4/8 + k**3/6 + 96*k**2. What is h(3)?
19
Let k(b) = -b**3 + 5*b**2 - 2*b - 16. Let p be k(3). Let v(a) = -2*a**3 - 7*a**2 - 3*a + 5. Give v(p).
33
Let q = 2 + -4. Let y be q/(1 + 6/(-3)). Let t(h) = 47*h - 46*h - 3 + 3. Calculate t(y).
2
Let c(v) = -4 - 26 + v**3 + v**2 - 97*v + 85*v + 2*v**2. Determine c(-4).
2
Let f(z) = 2*z + 7. Let r(t) = t**2 - 8*t - 4. Let h be r(9). Let s = 12 + h. Suppose -32 = 3*y - s. What is f(y)?
-3
Let x(o) be the first derivative of o**4/4 + o**3 - 2*o**2 + 4*o - 28. Let r(u) = -u**3 + 5*u**2 - u + 1. Let z be r(5). Calculate x(z).
4
Let c(q) = 2*q + 12. Let a be c(-4). Let k(z) be the second derivative of -z**3/3 + z**2 + 7*z + 1. Calculate k(a).
-6
Let o be ((-6)/(-9))/((-4)/(-6)). Suppose z = -s - o, 0 = -2*z - 7*s + 3*s. Let y(w) = 12*w**3 - w**2 - 2*w - 3*w**3 - 10*w**3 - 2. What is y(z)?
6
Let l(c) = 41*c - 8. Let s(y) = 10*y - 2. Let m = 506 + -504. Suppose -3*q - 2 = 25. Let i(p) = m*l(p) + q*s(p). Determine i(2).
-14
Let w(h) = h**2. Let n(f) be the first derivative of f**2 - 12*f + 7. Let c be n(5). Let t = c - -1. Give w(t).
1
Let z(c) = -c**3 + 4*c**2 - 4*c + 15. Let v be z(4). Let d(k) = -12*k**2. Determine d(v).
-12
Let j(a) be the first derivative of -a**5/60 + 5*a**4/24 - a**3/6 + 9*a**2 + 5. Let k(w) be the second derivative of j(w). What is k(5)?
-1
Let n(a) be the first derivative of a**3/3 - 9*a**2/2 + 18*a + 69. Determine n(8).
10
Let i(t) = 4 + 2 + 5 + t - 3. Determine i(-8).
0
Let u(d) = -2*d**2 - 3*d + 5 - 1 + 2 + 4 - 8. Calculate u(0).
2
Let o(a) = a**2 - 19*a - 24 - 18*a + a**3 - 34*a + 72*a. Give o(0).
-24
Let h(l) = -l**3 - l + 1. Let c(p) = -p + 7. Let t be c(7). Suppose t = -0*a + a. Let g be h(a). Let k(y) = -7*y**3 + y**2. Calculate k(g).
-6
Let w(x) = -14 + 9*x**2 + 2 + x + 4 + 7. Determine w(2).
37
Let o(x) = -11*x**2 - 10*x - 8. Let g(j) = -13*j**2 - 11*j - 9. Let a(r) = -5*g(r) + 6*o(r). What is a(-5)?
-3
Let d(a) be the first derivative of a**3/6 + 4*a**2 - 13*a + 8. Let g(h) be the first derivative of d(h). Give g(-6).
2
Let z = -24 - -29. Suppose -f = -5*b - 2*f + 31, z*b + 3*f - 33 = 0. Let a(u) = -3*u**2 - b + 2*u**2 + u + 7*u + 2. What is a(6)?
8
Let j be (-204)/(-54) - (-4)/18. Let i(g) = -j + 3 - 1 + g**2. Let c = -171 - -171. Determine i(c).
-2
Let q be -1 - 6/(2 + -4). Suppose -15 = -q*x - j, -5*x + 3*j + 10 = -0*x. Let h(r) = r - 3. What is h(x)?
2
Let m = 0 - -9. Let t(x) = 69*x**2 + 12 + 66*x**2 + x**3 - 144*x**2. Determine t(m).
12
Let k(v) = 48*v - 21. Let y be k(-2). Let o = 120 + y. Let g(l) = 2 + 4*l**3 - 4*l**3 - 2*l - 3*l**2 + l**3. Give g(o).
-4
Let m(a) be the first derivative of a**2 + 4*a + 147. What is m(-4)?
-4
Let d(x) be the second derivative of -x**4/12 - 5*x**3/3 + 2*x**2 - 178*x. Calculate d(-5).
29
Let r(z) = 13*z**3 - 11*z**2 - 5*z + 38. Let t(p) = 3*p**3 - 3*p**2 - p + 9. Let i(o) = -2*r(o) + 9*t(o). Determine i(4).
-7
Let h(m) be the third derivative of -m**5/60 - m**4/24 - m**3/6 - 926*m**2. Let a be 3/(-2)*(-4)/(-3). Give h(a).
-3
Let k(i) be the first derivative of -7*i**3/3 - i - 23. Suppose -3*u + 0*u + 8 = -5*v, -5*u = v - 4. What is k(v)?
-8
Let b(n) = 2*n - 13. Suppose -253 = -12*w - 145. Calculate b(w).
5
Let n(o) = -o**2 - 3. Let y(k) = k**2 + 1. Suppose 0 = -3*r + 2*p - 20, r + 0*p = -p - 5. Let u(m) = r*y(m) - 2*n(m). What is u(-2)?
-16
Let k(q) = 2*q - 2. Let w be (-75)/(-18) + 4/(-8*3). Calculate k(w).
6
Let d(w) = 7*w**2 - 2*w + 6. Let s be d(3). Let u(h) = 0*h**2 + s*h + h**3 - 63*h - 4*h**2 + 2. Calculate u(4).
2
Let k(p) = -p**3 - 5*p**2 + 8*p - 2. Let o(b) = -b**3 - 12*b**2 + 15*b + 20. Let y be o(-13). What is k(y)?
-14
Let h(i) = i**3 + 3*i**2 + 2*i + 2. Let r(s) be the first derivative of s**3/3 + 17*s**2/2 + 13*s + 19. Let w be r(-16). Calculate h(w).
-4
Let j(a) = -4*a + 11. Let w(u) = -7*u + 22. Let y = -113 + 107. Let g(h) = y*w(h) + 11*j(h). What is g(-5)?
-1
Let o(d) = 11*d**2 - 14 - 18*d - 12*d**2 - 8*d**2. Let l(f) = -16*f**2 - 35*f - 28. Let i(t) = -4*l(t) + 7*o(t). Determine i(-13).
1
Let a(v) = -6*v**3 - v**2 - v - 1. Let h = 34 + -48. Let z = 15 + h. Suppose 4*p - 3*p = -z. Calculate a(p).
5
Let m(u) = 4*u**2 - u**2 - 3478*u + 3479*u - 3 - u**2 + 6. Determine m(-4).
31
Suppose -6*d - 12 = -3*d. Let c be (24/(-28))/(2/(-14)). Let j(s) = 0 + c - 11 - s. What is j(d)?
-1
Let d(b) be the first derivative of 2*b + 32 + b**2 - 1/3*b**3. Give d(-3).
-13
Let w(b) = -b**2 + b + 1. Let r(k) = 7*k**2 - 7*k - 6. Let h(g) = r(g) + 6*w(g). What is h(3)?
6
Let u(a) = -9*a. Let t(b) = 7*b - 1. Let w(x) = -3*t(x) - 2*u(x). What is w(4)?
-9
Let m(x) = -x**3 + x**2 + x. Let l(g) = 5*g**3 - 7*g**2 - 4*g - 4. Let q(i) = -l(i) - 4*m(i). Determine q(3).
4
Let y(g) = g**2 + g. Suppose -2*a = 4*a + 12. Let l(q) = q**2 + 6*q - 2. Let o(c) = a*y(c) + l(c). Determine o(5).
-7
Suppose 44 = 2*n + 2*n. Let t = n - 7. Let y(r) = -1 - 2*r**2 + 4*r - t*r + r**3. Give y(3).
8
Let z(p) be the first derivative of -1/4*p**4 - 1 - 3*p + 1/3*p**3 + 5/2*p**2. Determine z(3).
-6
Suppose -21 + 5 = -4*o. Let n(t) be the first derivative of 3*t**2/2 - 5*t - 55. Calculate n(o).
7
Let n(p) = 6*p**2 - p - 2. Let g be n(-1). Suppose 3 = -4*h + g*h. Let v(t) = 3 + 0*t**3 + 3*t**2 + h*t**3 - 2*t**3. Give v(-3).
3
Let f(z) = 3*z - 27. Let d be (11/22 - 33/6)*-1. Let r(a) = -8 + 2*a - 6 + 0*a. Let x(k) = d*r(k) - 3*f(k). Determine x(-8).
3
Let n(z) = -z**2 + 7*z + 4. Let v(r) = -3*r**2 - r - 3. Let l(c) = c - 1. Let u(k) = 2*l(k) - v(k). Let h be u(-2). Calculate n(h).
4
Suppose 13 = -10*n + 73. Suppose -z = 4*u - n, -25 - 2 = 2*z - 5*u. Let g(t) = t**2 + 7*t + 8. Determine g(z).
2
Let x(c) = -7*c**2 + 998*c + 12*c**2 - 